9
List the prime factors of 181995.
3, 5, 11, 1103
What are the prime factors of 61488?
2, 3, 7, 61
What are the prime factors of 107917?
311, 347
What are the prime factors of 26738544?
2, 3, 7, 79579
List the prime factors of 13460869.
2161, 6229
List the prime factors of 48993.
3, 7, 2333
What are the prime factors of 6306897?
3, 701, 2999
List the prime factors of 1955513.
7, 257, 1087
What are the prime factors of 16338695?
5, 691, 4729
List the prime factors of 501137.
7, 13, 5507
What are the prime factors of 589228?
2, 19, 7753
List the prime factors of 5505016.
2, 11, 47
List the prime factors of 1543274.
2, 771637
List the prime factors of 669615.
3, 5, 44641
What are the prime factors of 1586937?
3, 11, 19, 2531
What are the prime factors of 43793?
43793
What are the prime factors of 1148486?
2, 17, 1987
List the prime factors of 691724.
2, 11, 79, 199
List the prime factors of 9825984.
2, 3, 7, 2437
List the prime factors of 148064.
2, 7, 661
List the prime factors of 340124.
2, 23, 3697
What are the prime factors of 10943497?
59, 185483
What are the prime factors of 2871122?
2, 1435561
What are the prime factors of 860301?
3, 13, 19, 43
What are the prime factors of 20040?
2, 3, 5, 167
What are the prime factors of 3201124?
2, 800281
What are the prime factors of 34265?
5, 7, 11, 89
What are the prime factors of 141220?
2, 5, 23, 307
What are the prime factors of 332978?
2, 29, 5741
List the prime factors of 565520.
2, 5, 7069
What are the prime factors of 7296055?
5, 13, 112247
List the prime factors of 155794.
2, 61, 1277
What are the prime factors of 23329817?
7, 3332831
What are the prime factors of 684838?
2, 7, 11, 4447
What are the prime factors of 166472?
2, 20809
List the prime factors of 5280635.
5, 457, 2311
What are the prime factors of 456116?
2, 101, 1129
What are the prime factors of 13714866?
2, 3, 11, 2099
List the prime factors of 2230662.
2, 3, 7, 173, 307
What are the prime factors of 436637?
37, 11801
What are the prime factors of 1494863?
19, 29, 2713
List the prime factors of 2873119.
17, 169007
What are the prime factors of 1889551?
1889551
What are the prime factors of 119390?
2, 5, 11939
What are the prime factors of 849454?
2, 424727
What are the prime factors of 1189816?
2, 148727
What are the prime factors of 4636371?
3, 71, 21767
What are the prime factors of 11091862?
2, 29, 31, 199
What are the prime factors of 313860?
2, 3, 5, 5231
What are the prime factors of 13695044?
2, 11, 439, 709
List the prime factors of 664192.
2, 5189
List the prime factors of 2102289.
3, 7, 100109
List the prime factors of 1889998.
2, 11, 85909
What are the prime factors of 1383222?
2, 3, 17, 71, 191
List the prime factors of 11140301.
11140301
List the prime factors of 95778.
2, 3, 17, 313
What are the prime factors of 8300353?
8300353
What are the prime factors of 1845567?
3, 205063
List the prime factors of 15301854.
2, 3, 23, 1607
What are the prime factors of 467395?
5, 93479
What are the prime factors of 8302664?
2, 17, 41, 1489
What are the prime factors of 570709?
197, 2897
What are the prime factors of 6699037?
17, 59, 6679
List the prime factors of 1856493.
3, 29, 2371
List the prime factors of 792770.
2, 5, 11, 7207
What are the prime factors of 23564755?
5, 1303, 3617
What are the prime factors of 3625265?
5, 7, 14797
List the prime factors of 210142.
2, 105071
What are the prime factors of 7582060?
2, 5, 379103
List the prime factors of 1887833.
17, 111049
What are the prime factors of 8192050?
2, 5, 163841
List the prime factors of 282415.
5, 7, 8069
What are the prime factors of 3911608?
2, 113, 4327
What are the prime factors of 3864830?
2, 5, 29, 13327
List the prime factors of 802510.
2, 5, 80251
List the prime factors of 6033.
3, 2011
What are the prime factors of 410899?
410899
List the prime factors of 1141322.
2, 7, 13, 6271
List the prime factors of 4415835.
3, 5, 17, 17317
List the prime factors of 11287482.
2, 3, 19, 99013
What are the prime factors of 48183?
3, 16061
What are the prime factors of 23945872?
2, 337, 4441
What are the prime factors of 359598?
2, 3, 73, 821
What are the prime factors of 1841479?
1841479
What are the prime factors of 354768?
2, 3, 19, 389
What are the prime factors of 7037694?
2, 3, 17, 109, 211
What are the prime factors of 267474?
2, 3, 44579
What are the prime factors of 115708?
2, 28927
List the prime factors of 701265.
3, 5, 46751
What are the prime factors of 391600?
2, 5, 11, 89
What are the prime factors of 747134?
2, 373567
List the prime factors of 439290.
2, 3, 5, 1627
What are the prime factors of 32383?
13, 47, 53
List the prime factors of 4858654.
2, 83, 29269
What are the prime factors of 115109?
59, 1951
What are the prime factors of 1052019?
3, 41, 2851
List the prime factors of 92438.
2, 46219
List the prime factors of 6966693.
3, 37, 20921
List the prime factors of 1340206.
2, 7, 29, 3301
List the prime factors of 256000.
2, 5
List the prime factors of 1411568.
2, 88223
List the prime factors of 963928.
2, 7, 2459
List the prime factors of 31660.
2, 5, 1583
List the prime factors of 5611163.
53, 105871
List the prime factors of 470821.
13, 36217
List the prime factors of 181889.
181889
What are the prime factors of 30861?
3, 127
What are the prime factors of 202970?
2, 5, 20297
What are the prime factors of 411986?
2, 205993
What are the prime factors of 1007222?
2, 503611
List the prime factors of 826981.
67, 12343
List the prime factors of 15446850.
2, 3, 5, 29, 53, 67
What are the prime factors of 3236234?
2, 67, 24151
List the prime factors of 980287.
7, 11, 29, 439
List the prime factors of 502501.
502501
List the prime factors of 202715.
5, 40543
List the prime factors of 5362500.
2, 3, 5, 11, 13
What are the prime factors of 32452878?
2, 3, 5408813
List the prime factors of 199963.
359, 557
List the prime factors of 1957906.
2, 29, 33757
What are the prime factors of 214450?
2, 5, 4289
List the prime factors of 6080306.
2, 3040153
What are the prime factors of 349648?
2, 13, 41
List the prime factors of 14460760.
2, 5, 97, 3727
What are the prime factors of 52058?
2, 26029
List the prime factors of 11664916.
2, 37, 269, 293
What are the prime factors of 8397078?
2, 3, 1399513
List the prime factors of 6703199.
6703199
List the prime factors of 5179856.
2, 11, 19, 1549
What are the prime factors of 45046?
2, 101, 223
What are the prime factors of 7768731?
3, 2589577
List the prime factors of 1071366.
2, 3, 178561
What are the prime factors of 57125?
5, 457
What are the prime factors of 2393132?
2, 7, 85469
What are the prime factors of 14357714?
2, 7, 1025551
List the prime factors of 18856038.
2, 3, 71, 44263
What are the prime factors of 2076135?
3, 5, 61, 2269
What are the prime factors of 5400132?
2, 3, 450011
List the prime factors of 3110287.
3110287
List the prime factors of 3814299.
3, 139, 3049
List the prime factors of 1138909.
31, 36739
What are the prime factors of 1289213?
1289213
List the prime factors of 288517.
31, 41, 227
List the prime factors of 7471428.
2, 3, 622619
What are the prime factors of 885019?
31, 28549
List the prime factors of 23095892.
2, 233, 24781
What are the prime factors of 722333?
722333
List the prime factors of 10451023.
11, 41, 23173
List the prime factors of 110798.
2, 55399
What are the prime factors of 5466389?
619, 8831
List the prime factors of 11292348.
2, 3, 599, 1571
What are the prime factors of 2074860?
2, 3, 5, 11527
List the prime factors of 293837.
61, 4817
What are the prime factors of 57137?
17, 3361
List the prime factors of 497968.
2, 31123
What are the prime factors of 259042?
2, 7, 18503
List the prime factors of 21459821.
71, 409, 739
List the prime factors of 266314.
2, 133157
What are the prime factors of 272686?
2, 136343
List the prime factors of 210843.
3, 19, 137
List the prime factors of 8811935.
5, 11, 160217
List the prime factors of 6396922.
2, 7, 456923
What are the prime factors of 271331?
23, 47, 251
What are the prime factors of 593225?
5, 61, 389
What are the prime factors of 3235111?
11, 19, 23, 673
What are the prime factors of 45137?
45137
List the prime factors of 17482992.
2, 3, 457, 797
List the prime factors of 73365.
3, 5, 67, 73
List the prime factors o